9)/(-3) - k*(-4)/(-24).
9
Let t = 19 + 7. Calculate the remainder when ((-8)/12)/((-4)/180) is divided by t.
4
Suppose -37*h = 40*h + 30*h - 642. Calculate the remainder when 657 is divided by h.
3
Let l(v) be the third derivative of v**5/20 + v**3 - 7*v**2. Let c be l(-3). Let f = -5 + c. Calculate the remainder when f is divided by 15.
13
Let v be (1 + -415)*(-3)/6*2. Suppose -4*u = -7*u + v. Let s = u + 7. Calculate the remainder when s is divided by 21.
19
Let g(n) = -7*n + 113. Calculate the remainder when g(-5) is divided by ((-12)/(-9))/(752/75 - 10).
48
Suppose -4*s = -5*q + 10*q - 83, 2*s + 2*q = 44. What is the remainder when (-12)/16 + 483/4 is divided by s?
12
Suppose k - 19 = -3. Let o = -78 + 84. Suppose -3*p + 222 = -b, -o*p + 3*b + 296 = -2*p. Calculate the remainder when p is divided by k.
10
Suppose -y - 2 = 0, -5*f + 3*y + 3989 = -1102. Suppose 9*n = 7*n - 3*d + 511, -f = -4*n - 5*d. What is the remainder when n is divided by 84?
80
Let h(d) = -14*d + 262. What is the remainder when h(15) is divided by 28?
24
Suppose 0 = -3*x - v - 22, 13*x + 2 = 12*x + v. Let j(n) be the third derivative of -n**4/8 + n**3/6 - n**2. Calculate the remainder when 36 is divided by j(x).
17
Let y = -1152 - -1156. Let k = 322 - 175. What is the remainder when k is divided by y?
3
Let i be (8/40)/(2/(-10)). Let g = 57 + i. Calculate the remainder when g is divided by 30.
26
Suppose -2*x - 4*q + 43 = -3*q, -4*x = -2*q - 98. Let f be -3 + 57/(-38)*2*8. Let j = x - f. What is the remainder when 198 is divided by j?
48
Let t(l) = -38*l**3 - l**2 + l + 1. Let q be t(-1). Let d = -2812 + 2801. Let y = q + d. Calculate the remainder when y is divided by 8.
2
Let g = -3247 + 3326. Calculate the remainder when 545 is divided by g.
71
Suppose 14*t + 23*t - 351 = 8603. Calculate the remainder when t is divided by 89.
64
Suppose 0 = -r + 3*l + 97, 8 = -8*l + 12*l. What is the remainder when 334 is divided by r?
25
Let y(i) = -i**2 - 22*i - 22. Suppose h - 8 = 3*z, 4*h = -18*z + 17*z + 32. What is the remainder when y(-12) is divided by h?
2
Let q(r) = 15*r + 6. Suppose -30*h + 2041 = -29. Suppose 0 = -2*v + h - 13. What is the remainder when q(5) is divided by v?
25
Let n(q) = q**3 - 12*q**2 - 16*q + 42. Let x be n(13). Suppose x = 2*a - 19. What is the remainder when 21 is divided by a?
10
Let h(v) = v**2 + 253 + 3*v**2 + 8*v - 192. What is the remainder when h(-5) is divided by 25?
21
Suppose -9*v - 4 = -40. Suppose z = v*z - 9, -153 = -4*c + 5*z. What is the remainder when c is divided by 15?
12
Let y(d) = -18*d**2 + 12*d - 18. Let o be y(6). Let z = -392 - o. Suppose -995 = -7*r + z. What is the remainder when r is divided by 43?
42
Let j(t) = t**3 + 16*t**2 - 29*t - 175. Let v(x) = 4*x**2 + 2*x + 1. What is the remainder when v(4) is divided by j(-17)?
15
Suppose 1515 = 2*g - 293. Calculate the remainder when g is divided by 35.
29
Suppose 0 = -56*f + 1438 + 1194. Calculate the remainder when 88 + 2/(-4)*-2 is divided by f.
42
Let f(x) be the third derivative of -x**5/60 + 19*x**4/12 + 28*x**3/3 + 80*x**2. What is the remainder when (-646)/(-10) + 4/10 is divided by f(39)?
14
Let z(i) = 105*i**2 - 4*i + 3. Let r be z(3). What is the remainder when ((-2)/(-3))/(16/r) is divided by (-2)/((-16)/(-10))*-16?
19
Suppose 0 = -2*n - 3*l + 453, -l - 927 = -4*n - 4*l. Calculate the remainder when n is divided by 7.
6
Let k = 14 + -9. Suppose 4*w + 0*w - k*o - 53 = 0, 0 = 3*o - 9. Let j(i) = 28*i + 812. Calculate the remainder when j(-28) is divided by w.
11
Calculate the remainder when 3351 is divided by ((-460)/14)/(18/(-63)).
16
Suppose -58*d + 636 = -56*d. Let f = -5 + d. Calculate the remainder when f is divided by 21.
19
Suppose d - 292 = -5*h, 355*d - 360*d = 40. What is the remainder when 1059 is divided by h?
39
Suppose -k - 15*f + 1714 = -14*f, -2*k - 5*f = -3449. Calculate the remainder when k is divided by 340.
7
Suppose 0 = 5*a - x - 32, -3*a - 3*x + 0*x = -30. Let j = -21 - -13. What is the remainder when ((-66)/j)/((-6)/(-24)) is divided by a?
5
Suppose 0 = m - 5*m + 3*t + 1231, 4*m = -4*t + 1196. What is the remainder when m is divided by 155?
149
Let z(r) = r**2 + 2*r + 6. Let u be z(-7). Let h(l) = u - 23 + 42 - 5 + 3*l. Calculate the remainder when h(0) is divided by 14.
13
Suppose 34142 = -25*k + 35192. Calculate the remainder when k is divided by (-2)/(-10) + 9/5.
0
Suppose m - 3*u + 1 = 16, -5*u = 25. Suppose m = -9*z + 322 + 1199. Calculate the remainder when z is divided by (19/2)/(1/2).
17
Let m be -2*(2 - (19/(-2) - -2)). Let x = m + 25. What is the remainder when ((-38)/4 + 2)*-2 is divided by x?
3
What is the remainder when 97 is divided by 24/(-56)*42/(-6)*(-2 + 6)?
1
Let y(z) = z**3 - 10*z**2 + 16*z - 9. Let c = 396 + -386. What is the remainder when y(c) is divided by 31?
27
Let c = 14852 - 13948. What is the remainder when c is divided by 76?
68
Let j(x) = 339*x + 2179. What is the remainder when j(-5) is divided by 127?
103
Suppose -16 = 2*p, -41*l + 38*l = -4*p - 149. Calculate the remainder when l is divided by ((-102)/(-9))/(6/9).
5
Suppose -9*k = -5*k - 12. Suppose i + 3*p = -p + 19, 27 = 2*i - k*p. Calculate the remainder when -5*328/(-60) + (-1)/3 is divided by i.
12
Suppose -7*i + 3*i = -48. Let p(f) = -7*f + 13. Let g be p(18). Let m = g - -171. Calculate the remainder when m is divided by i.
10
Suppose 3*i - i - 128 = 0. Suppose -58*b + 56*b - 4 = 0, -3*q - b + i = 0. Calculate the remainder when 129 is divided by q.
19
Suppose 3*y + 16945 = 2*x - 10328, 0 = 4*x - y - 54581. Calculate the remainder when x is divided by 65.
62
Let p(u) = 31*u + 42. Let b be p(-5). Let m = b + 128. What is the remainder when 44 is divided by m?
14
Suppose 78*q - 73*q - 385 = 0. What is the remainder when q is divided by 24?
5
Suppose -43*h + 46*h = 162. Suppose 0 = -5*n - 2*m + 176 + 66, -3*n + 141 = -3*m. Suppose 0 = -2*z - 18 + n. Calculate the remainder when h is divided by z.
9
Let y(d) = d**3 - 9*d**2 + 10*d - 70. What is the remainder when 1 + 72 + -3 + (1 - 2) is divided by y(9)?
9
Let t = 420 - 416. Suppose -34 = -2*r - 5*p - 7, -5*r + 77 = 3*p. What is the remainder when r is divided by t?
0
Let i = 158 + 109. Calculate the remainder when 808 is divided by i.
7
Suppose 31*q = 29*q + 28. Let c = -73 + 75. Suppose 0 = -n + c*n + 5*o - 49, -3*o + 223 = 5*n. Calculate the remainder when n is divided by q.
2
Let x = -39 - -46. Suppose 0 = 6*c - 51 - 27. Suppose 84 = c*i - x*i. Calculate the remainder when i is divided by 3.
2
Let r(s) = 98*s**2 - 2*s + 1. Suppose 0 = 23*l + 6 - 466. Calculate the remainder when r(1) is divided by l.
17
Suppose -3*u + 12 = -6. Suppose -u*f - 374 = -734. What is the remainder when f is divided by 2?
0
What is the remainder when 6695 is divided by (435 - -13)/8 - 20?
35
Suppose 25*m + 3*m = -1892688. What is the remainder when m/(-602) + (-2 - 12/(-7)) is divided by 27?
4
Let a(w) = -3*w**2 - 170*w - 1329. What is the remainder when a(-18) is divided by 46?
23
Calculate the remainder when (-1426)/(-4) + (3 - 4) + 117/78 is divided by 105.
42
Suppose -2*v - 4*k + 17 = 3*v, 0 = -2*v - 5*k. Suppose -4*i + v*s = -407, 31 = -i - 4*s + 117. Calculate the remainder when i is divided by 33.
32
What is the remainder when 5343 is divided by (-2 - (180/6)/(-6))*9?
24
Let x(z) = 14*z - 48. Let l be x(5). Suppose -l = -u + d, -4*u + 0*d + 70 = 2*d. What is the remainder when 27 is divided by u?
8
Suppose 4*g - r = 2500, -3*r + 622 = 3*g - 1238. Calculate the remainder when g is divided by 65.
39
What is the remainder when 2181 is divided by (-12)/(-3)*((-11 - (-1155)/14) + -11)?
3
Suppose -458*n = -388*n - 282100. Calculate the remainder when 8069 is divided by n.
9
Let t(g) = -g**3 + 3*g**2 + 3*g - 4. Suppose 0 = 2*b + 40 - 116. Calculate the remainder when b is divided by t(3).
3
Suppose -55*b - 1893 = -13828. Calculate the remainder when b is divided by 5.
2
Let h be 12/(-9) - 1232/12. Let n = h - -121. Calculate the remainder when 25 is divided by n.
8
Let n be ((-8)/18)/(-2) - 1427426/(-693). Suppose 195*d - 215*d + n = 0. What is the remainder when d is divided by 6/((-4)/(-18) + 0)?
22
Suppose -4*f + 5*z + 6536 = -2*f, 2*z = -4*f + 13168. Calculate the remainder when f is divided by 193.
7
Suppose -21*k = -37